prime factors of h.
2, 5
Let n(q) = -q**3 - 7*q**2 - 8*q - 9. Let s be n(-6). Suppose -11 = -2*o - s. Suppose -o*d + 95 = -257. List the prime factors of d.
2, 11
Let q = 668 + 8862. What are the prime factors of q?
2, 5, 953
Suppose -3*y + 2*s = 1333, -y - y + 5*s - 885 = 0. Let b be (1 - -2) + y/(-1). Suppose 4*t = -3*k + b, -3*t + 133 = -2*k - 220. What are the prime factors of t?
5, 23
Suppose -2*d + d - 20 = 2*a, -4*a + 5*d - 68 = 0. Let y(g) = g**2 - 2*g + 7. Let b be y(a). Let z = b + -80. List the prime factors of z.
5, 19
Let w be ((-1 - 5)/((-4)/2))/1. Suppose -3*h + 130 = -r, 2*h = 5*r - w*r + 80. Suppose -231 + h = -3*c. What are the prime factors of c?
2, 31
Suppose 4*w - 5*h - 395 = 0, -4*w + 334 = -2*h - 52. Let c = w + -17. Let o = 145 - c. What are the prime factors of o?
67
Suppose 0*v + 13*v + 17*v = 212910. List the prime factors of v.
47, 151
Suppose 5*f - 5844 + 359 = -5*l, -5*f = -5. Let w be (-2)/(-8) - (2 + (-43)/4). List the prime factors of l/12*w/6.
137
Let t = -102 - -128. Suppose t*f = 2647 + 707. What are the prime factors of f?
3, 43
Suppose -6*u = 431 - 5. Let v = u - -206. What are the prime factors of v/30 + (-2)/(-4)?
5
Let q(o) = -o**3 - 28*o**2 - 25*o + 54. Let n be q(-27). Let r(y) = 3 + 3*y**2 + 56 + 2 - y. List the prime factors of r(n).
61
Suppose 49395 = 5*c + t, -3*c = -15*t + 14*t - 29645. What are the prime factors of c?
2, 5, 13, 19
Suppose 4*r + 27 = 27. Suppose -5*w + 5*b = -r*w - 5820, -4*w + 4641 = -b. List the prime factors of w.
19, 61
Let g be (4/(-96)*-6)/(2/88). What are the prime factors of 36195/855*(g + 1/1)?
2, 127
Let n = -616 - -627. Suppose 1053 = 12*r - n*r. What are the prime factors of r?
3, 13
Suppose -11*t - 42533 + 169133 = 4*t. List the prime factors of t.
2, 5, 211
Let g(s) = 35689*s**2 + 9*s - 7. What are the prime factors of g(1)?
3, 11897
Suppose 12*z - 13*z = 18. Let a be -1 - -4 - z/6. Suppose a*o + 102 = 276. List the prime factors of o.
29
Let p(t) = -29*t**2 - 12*t - 27. Let y be p(-5). List the prime factors of (-1)/(2/y + 0).
2, 173
Let x(k) = k**3 - 9*k + 16. Let w be x(7). Let h = w + 12. What are the prime factors of h?
2, 7, 11
Suppose 89471 + 18148 = 29*i. Suppose 3*k = 3*h - i, h = 4*k + 754 + 489. List the prime factors of h.
5, 13, 19
Suppose -19 = -2*n - 21. Let i be (-600)/(-27) + (-21)/(-27) + n. Let c = 76 - i. List the prime factors of c.
2, 3
Suppose -3*a + 1206 + 247 = 4*y, 5*a - y = 2460. List the prime factors of a.
491
Suppose -40*z + 335265 + 408126 = -13*z. What are the prime factors of z?
11, 2503
Let j(q) = -3*q - 8*q**2 + 6*q - 2*q**3 + 239807 - 239793. Suppose 2*u + 6 = u. List the prime factors of j(u).
2, 5, 7
Let n(c) = 0*c + 16*c**2 + c**3 - 3 + c - 3*c**2 - 20*c. Let o be 144/(-10) + (-36)/(-90). What are the prime factors of n(o)?
67
Suppose 26*s - 6960 = -32*s. Let x be 19/5 - (-7)/35. Suppose -4*m + s = x*m. List the prime factors of m.
3, 5
Let p = 7118 - 1629. List the prime factors of p.
11, 499
Let m = 192 + -189. Suppose -k - 73 + 423 = v, m*k = -v + 1050. What are the prime factors of k?
2, 5, 7
Let x be 0/((-6)/(-20) + 35/50). Suppose -2*h = -2*c - 2512, h + 4*h - 2*c - 6295 = x. List the prime factors of h.
13, 97
Let r(m) = -14*m**2 + 15 + 4*m - 91*m**3 + 92*m**3 - 20*m. Let t be r(15). Suppose 2*s - 19 - 109 = t. List the prime factors of s.
2
Let j be 0/((-1)/(2 - -7)*-9). Suppose j = -10*v - 4*v + 4900. What are the prime factors of v?
2, 5, 7
Let a be (-632)/(-52) - 4/26. What are the prime factors of a*304/9 - 8/(-12)?
2, 7, 29
Let r(x) = -x**2 - 10*x - 17. Let k be r(-9). Let c = k + 13. Suppose 6*a - 5*j - 257 = 3*a, 173 = 2*a - c*j. What are the prime factors of a?
2, 3, 7
Let z be (2 - 34)*(0 - 1). Let f be (-24)/(-10)*440/132 + -1. Suppose -a + z = f. List the prime factors of a.
5
Suppose -8*h = -6*h - 54. Let g(q) = 16*q**2 + h*q - 2 - 19*q + 0. List the prime factors of g(3).
2, 83
Let n(x) = 21*x - 90. Let u be n(4). Let m = u - -722. List the prime factors of m.
2, 179
Let p = 300 - 75. Let m(h) = h**2 - 6. Let i be m(11). Let k = p - i. List the prime factors of k.
2, 5, 11
What are the prime factors of (11 - 9)*2*(-17932)/(-16)?
4483
Suppose -283531 = 291*b - 305*b + 339357. What are the prime factors of b?
2, 7, 227
Let p be 395/(-2)*1748/(-190). Suppose p = 7*o + 550. List the prime factors of o.
181
Let w be (-1 - 0)*(-2)/2. Suppose -5*u + 1 = w. Suppose 3*j - 4*y - 61 = u, 2*j = -y + 6*y + 36. List the prime factors of j.
23
Let b(q) = 2*q**3 + 7*q**2 + 6*q - 8. Let m(t) = 3*t**3 + 10*t**2 + 7*t - 10. Let l(v) = 4*b(v) - 3*m(v). Let o = -3 + -1. What are the prime factors of l(o)?
2, 3
Let q(d) = 13*d**3 - 42*d**2 + 161*d + 18. What are the prime factors of q(6)?
2, 3, 5, 19
Let a(l) = -3*l + 19. Let t = 119 - 114. Let j be a(t). Let h = j + 71. What are the prime factors of h?
3, 5
Suppose 0*l - 1055 = -5*l. Suppose -l = -w + 162. List the prime factors of w.
373
Let p = -63 - -68. Suppose -1960 = -p*a - 2*a. Suppose -16*y = -11*y - a. What are the prime factors of y?
2, 7
Suppose 2*f - 5*z = 116561, z - 14979 = 3*f - 189814. List the prime factors of f.
2, 3, 11, 883
Suppose 5*b - 8*b + 1851 = q, 1227 = 2*b + 3*q. Let o = b - 21. What are the prime factors of o?
3, 199
Let d be (55/15)/11 + (-16)/(-6). Suppose 4*z = -4*k + 692, d*z - 5*k = 5*z - 340. What are the prime factors of z?
5, 7
Suppose 9*u = 10*u - 12. Suppose -2*c = -u*c + 4010. List the prime factors of c.
401
Let b(p) = 4396*p - 118. What are the prime factors of b(2)?
2, 4337
Let q be ((-8)/(-44) - (-25)/165)*6. Suppose 3*b + 0*b = q*r + 19, 2*b + 14 = -4*r. List the prime factors of b.
3
Suppose 40365 = -13*x + 58*x. Let g = x - 577. List the prime factors of g.
2, 5
Let a(q) = -42*q + 483. List the prime factors of a(8).
3, 7
Let j(a) = -5*a**2 + 5*a - 167. Let d(v) = -10*v**2 + 12*v - 332. Let y(s) = 2*d(s) - 5*j(s). List the prime factors of y(13).
17, 59
Let i be (-1 + 0)*-6 + -1. Suppose 1043 - 13 = i*f. What are the prime factors of f?
2, 103
Suppose 0 = -2*h + 3*f - 48, 2*h + 52 = -0*h + 5*f. Let l(y) = -y**2 - 21*y + 4. Let a be l(h). Suppose 8*w = 7*w + a. What are the prime factors of w?
2
Let p(h) = -2*h**3 - h**2 + 9*h + 4308. What are the prime factors of p(0)?
2, 3, 359
Let m(c) be the second derivative of -c**5/20 - 53*c**4/12 + 53*c**3/6 + 28*c**2 + 215*c. List the prime factors of m(-54).
2, 5, 11
Suppose 3602 = x - 3639. List the prime factors of x.
13, 557
Let a = 13164 - 12885. What are the prime factors of a?
3, 31
Let d(w) = -2*w**3 - 31*w**2 - 172*w + 102. List the prime factors of d(-23).
67, 179
Let z be 123/(200/66 - (20 + -17)). What are the prime factors of (-3)/6 + z/6 + -2?
2, 337
Suppose y - 4*r = -66 + 256, 0 = -3*r - 12. Let t = y + -99. List the prime factors of t.
3, 5
Let h(f) = 1126*f**2 + 20*f - 65. List the prime factors of h(3).
7, 1447
Let u(g) = 10*g**3 - 2*g**2 - 4. Let r be u(3). Suppose -w = -r - 80. What are the prime factors of w?
2, 41
Suppose -2*o + 3547 - 873 = 2*l, -6669 = -5*l - o. Let n = -944 + l. List the prime factors of n.
389
Suppose -3*x + 140 = -487. Let u = -125 + x. Suppose r = 5*s - 93, 4*s + 24 = -4*r + u. What are the prime factors of s?
2, 3
Let p = -16939 - -29172. List the prime factors of p.
13, 941
Suppose 2*t = -4*f + 732, 4*t + 4*f - 372 = 3*t. Suppose -119*i = -116*i - t. What are the prime factors of i?
2, 3, 5
Suppose k + 3*d - 24599 = -3800, 2*k - 41595 = -3*d. List the prime factors of k.
2, 3, 1733
Let v(d) = -12184*d - 1580. List the prime factors of v(-6).
2, 17881
What are the prime factors of (36 - 107664/(-64)) + 1/(-4)?
2, 859
Let p(a) = a**2 + 2*a - 5. Let l be p(-5). Let n = 459 - 436. Let h = n + l. What are the prime factors of h?
3, 11
Suppose -78*c - 26427 + 39720 + 80229 = 0. What are the prime factors of c?
11, 109
List the prime factors of 70/10 - (-500 + -14).
521
Let v(g) = 51*g**2 + 14*g + 332. List the prime factors of v(-18).
2, 7, 593
Let y = 1534 - -4399. What are the prime factors of y?
17, 349
Let u(q) be the first derivative of -37*q**2 + 10*q + 3. Let l be u(-1). List the prime factors of 513/4 - (-7)/(l/9).
3, 43
Let o(q) = -q**2 + 3*q + 8. Let h be o(5). Let p = 7 + h. Let x(w) = 8*w - 3. What are the prime factors of x(p)?
37
